osite number?
False
Let a = 7 - 0. Let s = 21 - a. Is s composite?
True
Suppose -2*a = a - 5*m - 34, 35 = 5*a - 4*m. Suppose -a*f - 62 = -449. Is f a prime number?
False
Let k be 10*2 + (9 - 10). Let g = -6 + k. Is g composite?
False
Suppose -8*r + 32 = -0*r. Let y(k) = -k**2 - 4*k + 3. Let i be y(-4). Suppose 204 = r*b - 3*g - 2*g, 0 = -3*b + i*g + 150. Is b a composite number?
True
Let j(h) = 25*h + 9. Let o(c) = 26*c + 10. Let r(f) = 7*j(f) - 6*o(f). Is r(4) composite?
False
Let n be 2/6 - (-226)/6. Suppose -5*m + 46 = 3*f, -f + 5*m - m = -n. Let i = f - -25. Is i a composite number?
False
Let s(h) = 2*h**3 + 2*h**2 - 2*h + 1. Let j(q) = -3*q**3 - 2*q**2 + 2*q - 2. Let g(v) = 3*j(v) + 4*s(v). Suppose -7 = 4*r + 5. Is g(r) composite?
True
Let x = 758 + -345. Is x prime?
False
Let p = -41 + 244. Is p composite?
True
Let z = 2732 + -1825. Is z a composite number?
False
Is (-3)/(-7) + 23976/63 prime?
False
Let s(b) = 3*b + 1. Suppose -3*m + 2*m = -3. Is s(m) composite?
True
Let t(r) = 44*r + 1. Is t(9) a prime number?
True
Let x = 32 - 22. Is (x/(-10))/((-1)/709) a prime number?
True
Let c(a) = -a**3 + 10*a**2 + 13*a - 14. Let g be c(11). Suppose -3*u + g*u - 155 = 0. Is u a composite number?
False
Let l(o) be the first derivative of -13*o**2/2 + 5*o + 2. Let c(w) = 51*w - 19. Let u(v) = -2*c(v) - 9*l(v). Is u(6) prime?
True
Suppose -350 = -n + 599. Is n composite?
True
Let s = -38 - -567. Is s prime?
False
Let b(i) = i**3 + 6*i**2 - 6*i - 8. Let a be b(-7). Is -278*(a/6 - -2) composite?
False
Let n be 2/(-8) + 4575/12. Let u = -158 + n. Is u a prime number?
True
Let s be (-4)/(-7)*(-21)/(-6). Let p(u) = 3*u**s - 4 - 2*u + 3*u + 1. Is p(-5) a prime number?
True
Is (-2648)/(-12) + 1/3 prime?
False
Let i(z) = -4*z + 5 + z**2 + 9*z + 2*z. Let y be i(-7). Suppose 2*f - 5*f = -4*s + 341, -y*s = 5*f - 400. Is s composite?
False
Suppose 0*l = -l + 5. Let v = l + -8. Let d(x) = -13*x - 2. Is d(v) a prime number?
True
Let i(h) = -h + 2. Let p be i(0). Suppose p*b = -b + 786. Let r = b - 143. Is r prime?
False
Suppose z - 3*f + f + 6 = 0, 5*f - 12 = z. Is (159/(-12))/(z/16) composite?
True
Suppose 0 = u + w + 1 - 6, 0 = -2*u + 3*w + 25. Suppose -u*z + 406 = -6*z. Is z prime?
False
Suppose 3*g = 492 + 519. Is g a composite number?
False
Let q(j) = j**2 + j - 1. Let y be ((-8)/20)/((-1)/5). Let i be q(y). Suppose -k - 115 = -5*s + 49, -168 = -i*s - 3*k. Is s composite?
True
Suppose -5*u - 143 = 2*n, -4*n + 3*n = 5*u + 139. Let m = u - -94. Is m a prime number?
True
Suppose 0 = -4*w + 983 - 131. Suppose 1268 - w = 5*x. Is x a prime number?
True
Let f be 6 + -3 - 0 - 6. Let i = f + 7. Suppose -i*n + 3*o + 40 = -301, 3*n - o - 262 = 0. Is n a composite number?
False
Suppose -76 = -c + 5*d, 0*d = c + 4*d - 103. Is c composite?
True
Let x = -30 + 39. Is x a prime number?
False
Let b(t) = 2*t**2 + 3*t + 2. Let z be b(-3). Suppose 4*g + k - 736 = 0, -z = -3*g + 2*k + 552. Is g a composite number?
True
Suppose 5*a = -5*v + 6390, -1273 = -a + 4*v - 0*v. Is a a prime number?
True
Let t(h) = 7*h - 2. Let c(y) = y**2 + y - 4. Let u be c(-3). Let q be ((-10)/(-15))/(u/9). Is t(q) composite?
False
Is 38*1*18/36 prime?
True
Let a = 5812 + -3659. Is a a prime number?
True
Is 2*((-465)/(-6) + -3) a composite number?
False
Is (-7124)/130*(-4 + -1) composite?
True
Suppose 0 = 3*i + 3. Let f be (-3 + (2 - 3))/i. Suppose m - y - 70 = -f*m, -y + 50 = 3*m. Is m a prime number?
False
Let n(w) = 255*w - 2. Let o(r) = -254*r + 3. Let t(y) = -4*n(y) - 5*o(y). Is t(3) a prime number?
True
Let r(v) = -v**2 - 12*v + 4. Let g be r(-12). Let x be (-42)/(-4)*(-4)/3. Is (-486)/x + g/14 composite?
True
Let j be 21/(-6)*(-3 + 19). Suppose 3*g + 33 = -n - 60, -2*g + 88 = -n. Let d = j - n. Is d a prime number?
False
Let x = -95 - -144. Is x a prime number?
False
Let t be (-1 - -2)*-13 + 2. Let i = -2 - t. Let l = i - -2. Is l composite?
False
Let h(b) = 15*b**2 - 3*b + 1. Is h(-4) composite?
True
Let f(u) = u**2 - 3*u - 3. Let y be f(4). Let t(d) = 24*d - 1. Is t(y) a prime number?
True
Let b(d) = 6*d**3 - 3*d**2 - d + 5. Is b(4) a prime number?
True
Suppose 0*r - 2*y = 5*r + 41, -4*y - 19 = 3*r. Let z(f) = -f**2 - 2*f - 6. Let c(n) = n**2 + n - 1. Let x(t) = 2*c(t) - z(t). Is x(r) composite?
False
Let a(u) = -11*u + u**3 - 4*u**2 - 5 + 6*u**2 - 4*u**2 - 4*u**2. Is a(8) a composite number?
True
Suppose 3*j + 5*d - 836 = 0, 564 = 2*j - 0*j + 2*d. Is j composite?
True
Is (-3 + (-56)/(-3))*3 prime?
True
Let z be (0 + 2 + 0)/(-1). Let c be (z + 10/3)*3. Suppose c*f - 385 = -f. Is f a composite number?
True
Suppose -5*c + 2*t + 1055 = 4*t, 0 = 5*c - 5*t - 1055. Is c a prime number?
True
Let n(l) = -2*l - 3. Let z(v) = 3*v + 2. Let x(r) = -6*n(r) - 7*z(r). Let k be x(-6). Suppose h - 5*s - 11 = 39, -2*h = 4*s - k. Is h prime?
False
Suppose 0 = 13*c - 5*c - 9208. Is c a prime number?
True
Suppose 3*r + s = 6, 5*r - 3*s = 2*s + 30. Suppose -3*n + 258 = -r*z, z + 1 = -0. Is n composite?
True
Let x(g) = -g**3 + 7*g**2 + g - 5. Let b = -9 - -15. Is x(b) prime?
True
Let r(q) = q**2 - 12*q - 6. Let x be r(-11). Suppose 3*j + 2*w - 223 = 0, 4*j - x = j + 4*w. Is j a prime number?
False
Suppose 92*w - 90*w - 70 = 0. Is w a prime number?
False
Let r(q) = 25*q - 36. Is r(17) composite?
False
Let x(v) = -v**3 - 2*v**2 + 2*v - 4. Let n be x(-4). Let p(w) = 9*w - 1. Let y be p(2). Let r = y + n. Is r a composite number?
False
Let q = -20 + 4. Let s be ((-6)/(-8))/((-4)/q). Suppose 165 = 2*p - 5*l, -s*p - 4*l + 212 + 47 = 0. Is p composite?
True
Is ((-2184)/2 + 5)*-1 composite?
False
Let r(i) = -i + 3. Let b be r(-7). Suppose -z + 0*z + a = -93, 5*a - b = 0. Let p = z - 49. Is p a prime number?
False
Let q(f) = 94*f**2 + f. Let n = -7 - -6. Is q(n) composite?
True
Let m(u) = -u - 1. Let q be m(-1). Suppose -z + 5*z - 572 = q. Is z a prime number?
False
Let k(l) = 1 + 2 - l + 3*l. Is k(10) a composite number?
False
Is 6/24 - 1862/(-8) a composite number?
False
Suppose -3*d - 2637 = -12*d. Is d prime?
True
Let d(r) = -10 + 4*r**2 + r**3 - 9*r + 3*r**2 + 0*r**2. Is d(-7) composite?
False
Let x(u) = -u**3 + 2*u + 1. Let f be x(-1). Suppose -c + 18 + 37 = f. Suppose -370 - c = -5*s. Is s a composite number?
True
Let x(c) = -44*c - 4. Let p be x(-3). Suppose -p - 180 = -4*d. Is d a prime number?
False
Let s = 6 + -6. Suppose -2*z + s*z = -46. Is z composite?
False
Suppose -5*c = h - 700, -2*c = -7*c + 3*h + 720. Is c prime?
False
Let s(f) = -7*f - 1. Suppose -5 = p - 1. Let k = p + 2. Is s(k) prime?
True
Let h be ((-1)/2)/((-3)/1224). Let o be 2 - -1*4/(-2). Suppose -43 = -f - 3*m, 4*f + 4*m = -o + h. Is f a prime number?
False
Let b(w) = w + 4153. Is b(0) a composite number?
False
Let a be (3 + 0)*(1 + 0). Let r be a/(2 + 1) - 1. Suppose r = 5*p - 4*p - 6. Is p prime?
False
Let x(k) = -4*k**2 - k. Let j be (-1 - 2/(-6))*-3. Let a be x(j). Let g = a + 71. Is g a prime number?
True
Is 573/2 - (-5)/10 a prime number?
False
Let w(p) = 7*p**2 + 4*p - p**3 - 4 - 2 - 1. Is w(6) a composite number?
False
Is (-6)/4*25262/(-51) prime?
True
Suppose 3*d + 2*d = 195. Suppose -5*p + 4*p + 4 = 0. Suppose -d = b - p*b. Is b composite?
False
Suppose -2*r = -0*r - 8. Let c be 5/(-4) - (-1)/r. Is (-52 + 1 + -2)/c a composite number?
False
Suppose -o = -2*y + 2, -3*o - 10 = -3*y + y. Is 1 + 52 - (-1 + y) prime?
False
Let l = 19 + -9. Let y(h) = h**3 - 9*h**2 - 9*h + 5. Is y(l) composite?
True
Let k(y) = 45*y**2 - 5*y - 17. Is k(-6) a composite number?
True
Let q = -18 + 27. Let y be (1 - q)/(-2 - 0). Suppose -c + y*r = 2*r - 69, -2*c = -5*r - 140. Is c a prime number?
False
Let g be (-6)/(-4)*(-8)/(-3). Suppose g*c + 8 = 6*c. Suppose 2*z + 3*p = 3*z - 57, 0 = -5*z - c*p + 361. Is z a composite number?
True
Suppose 403 + 612 = 5*c. Is c composite?
True
Let h(d) = 8*d**3 - 9*d**2 + 4*d + 5. Is h(4) a prime number?
True
Suppose 7*l = 2*l + 635. Is l prime?
True
Suppose -4*n + 2*n + 8 = 0. Suppose -x - 2428 = -5*q, -q + 2*q - n*x - 478 = 0. Suppose -7*o + 2*o - s = -q, 0 = -2*o - 4*s + 198. Is o composite?
False
Let i = 20 - 8. Let w be (-2)/(1 - 9/i). Let o = w - -22. Is o a prime number?
False
Suppose -2*d + 6*d = -236. Let q = 108 + d. Is q prime?
False
Suppose -5*z - 2*t = -1649, 2*z - 4*z + 659 = t. Is z composite?
False
Let d be 2